rs of (152/6)/(15/15165)?
2, 19, 337
Let i = 85 - 55. Suppose i*x - 50*x + 25820 = 0. List the prime factors of x.
1291
Let s = -664 + 1357. Let z = s - 60. List the prime factors of z.
3, 211
Let z(i) be the third derivative of 73*i**5/60 + i**4/12 + i**2 + 6. Let g = -1 + 0. List the prime factors of z(g).
71
Let k = -56 + 99. Let o = k - 39. Suppose o*v = 8*v - 332. List the prime factors of v.
83
Let n = -208 + 95. Let h = 238 + n. What are the prime factors of h?
5
Let t(a) = 313*a - 1181. List the prime factors of t(7).
2, 5, 101
Let i(g) = -67*g - 1117. What are the prime factors of i(-32)?
13, 79
Let l = -269 + 671. Suppose -4*u = -1386 + l. Let p = u + -127. What are the prime factors of p?
7, 17
Suppose -11*g = -14*g - 42. Let a be (g/21)/(4/(-594)). What are the prime factors of a - (-3)/(3/(-2))?
97
Suppose -136*f + 2285423 = -1844217. What are the prime factors of f?
5, 6073
Let u = 1071 - 334. Suppose -1640 + 163 = -4*x + 5*l, 2*x - 3*l = u. What are the prime factors of x?
373
Suppose 0 = 3*t - 5*r - 21838 + 2133, 0 = -3*t - r + 19675. List the prime factors of t.
2, 5, 41
Let j = 80 - 84. Let p be -8*(j - 55/2). What are the prime factors of ((-14)/(-6))/(6/(p/2))?
7
Suppose -11*a + 14*a - 15 = 0. Suppose 1389 = 5*m + 429. Suppose -a*h = -118 - m. List the prime factors of h.
2, 31
Let c be -8 + 4 - -1*4. Suppose -4*m + 119 + 277 = c. Let v = m + -35. List the prime factors of v.
2
Suppose 0 = -91*x + 95*x + o - 69878, -4*x + 4*o + 69888 = 0. What are the prime factors of x?
2, 5, 1747
Suppose -22*d + 5*o - 5158 = -23*d, -d + 5198 = -3*o. List the prime factors of d.
71, 73
Let k = -1031 - 156. Let q = k + 2023. List the prime factors of q.
2, 11, 19
Let u(i) = -i**2 - 26*i - 88. Let f be u(-16). Let b = 45 + f. List the prime factors of b.
3, 13
Let j(r) be the first derivative of r**4/4 - 4*r**3 + r**2/2 + 3*r + 2. Let q(s) = s**3 + 6*s**2 - 8*s - 36. Let w be q(-6). What are the prime factors of j(w)?
3, 5
Let o(d) = -4*d**3 - 18*d**2 - 22*d - 7. Let l(q) = -11*q**3 - 53*q**2 - 63*q - 21. Let x(t) = -3*l(t) + 8*o(t). What are the prime factors of x(-7)?
2, 7, 11
Let q(y) = 7*y - 10. Let a be q(19). Let u = 53 - a. Let f = -30 - u. List the prime factors of f.
2, 5
Suppose 2*k = -4*u + 1134 + 3430, -9167 = -4*k + 5*u. Suppose 2*s - 18*s = -k. List the prime factors of s.
11, 13
Let w = 459 - -248. List the prime factors of w.
7, 101
Let h(d) = 234*d - 18. Let m be h(8). Suppose 10*f = 294 - m. Let o = -85 - f. What are the prime factors of o?
71
Suppose 0 = 53*k - 30*k + 77*k - 6579800. List the prime factors of k.
2, 167, 197
Let z(w) = 6*w**2 + 19*w - 1. Let f(l) = -l**2 - l + 1. Let y(n) = 5*f(n) + z(n). Let j be y(-13). Let b(i) = -27*i - 16. List the prime factors of b(j).
227
Let x = -28 - -31. Suppose 0 = -7*k + x*k. Suppose k = 3*o - 72 - 183. List the prime factors of o.
5, 17
Suppose 538*i - 202356 = 524*i. What are the prime factors of i?
2, 3, 11, 73
Suppose 4*q - 266 = -1430. Let y = 305 + q. List the prime factors of y.
2, 7
Suppose 0*z + 3*z - 9401 = -4*o, -z + 3147 = -2*o. List the prime factors of z.
43, 73
Let c(f) = 7*f**2 + 3*f - 3. Let j be c(1). Let s(b) = -51*b + 35. Let x be s(j). Let y = x + 463. What are the prime factors of y?
3, 47
Let a = 11455 + -8323. What are the prime factors of a?
2, 3, 29
Let k be 142/((-3)/(-6)*0 + -1). Let u = -108 - k. List the prime factors of u.
2, 17
Suppose 2*v - 2*h = 288, 6*v + 597 = 10*v + 3*h. Let r = -115 + v. What are the prime factors of r?
2
Let v(w) = -w**2 + 6*w - 1. Let c be v(5). Suppose 34*r - 6984 = -2*r. Suppose -c*q + 102 = -r. List the prime factors of q.
2, 37
Let i(u) = u**2 - u - 1. Let n be 2 + -5 + 2 + (-6 - -2). Let v(f) = -15*f**2 + 8*f + 9. Let p(x) = n*i(x) - v(x). List the prime factors of p(3).
7, 11
Let u = 15437 + -10817. Suppose -u = -41*d + 10099. List the prime factors of d.
359
Let r(n) = -107*n**2 + 4*n + 6. Let d be r(3). Let m = -514 - d. What are the prime factors of m?
431
Let k(o) = 290*o**2 - 613*o + 4819. List the prime factors of k(8).
5, 739
Suppose j = 4*y - 20, -2*y - 2*j = -4*y + 16. Let t be 3/(42/y) + 9790/35. Suppose -5*z - t = -995. What are the prime factors of z?
11, 13
List the prime factors of (22 - 40)*(-905)/6.
3, 5, 181
Let u be (2 + -4)/(34/(-629)). List the prime factors of (u/2)/(1/6).
3, 37
Let w = 177 - 95. Let x(b) = b**3 + 9*b**2 + 8*b + 4. Let n be x(-8). Let i = n + w. What are the prime factors of i?
2, 43
Suppose -j + 0 = 2, 3*j + 447 = 3*k. Let h = k - -364. What are the prime factors of h?
7, 73
Let o be -1 + (-2)/8 + (-5)/(-4). Let k be (3 + o - -20) + 1 + 2. Suppose 295 = 3*m - k. List the prime factors of m.
107
Suppose 16 = f + 42. Let x = f - -31. Suppose u = -x*r + 21, 3*u - 89 - 28 = 3*r. What are the prime factors of u?
2, 3
Let r(l) be the second derivative of l**5/20 - l**4/2 + 4*l**3/3 + 4*l**2 + 15*l + 16. Let u be -2 + -2*1 + 10. List the prime factors of r(u).
2, 7
Let h be 1 + (-1 - (2 + -6 + 3)). List the prime factors of (h + 186/(-4))/(10/(-20)).
7, 13
Suppose 2*y - 10 = 0, 5*q + 701 = 2*q - 2*y. Let j = -247 - -248. List the prime factors of (22/(-66))/(j/q).
79
Let k be 4/(-14)*(-29 + 22). What are the prime factors of 62/k*(49 + (-11 - -4))?
2, 3, 7, 31
Let u = 39 + -41. List the prime factors of 2*(376 - u - -8).
2, 193
List the prime factors of (((-21329)/(-84))/(7/63))/(3/8).
2, 11, 277
Let v be (-36817)/(-44) - (-4 - -3)/4. Suppose 816 = v*g - 833*g. What are the prime factors of g?
2, 3, 17
Let m = 57 - 603. Let j = 1151 + m. What are the prime factors of j?
5, 11
Let i(w) = -w**2 - 17*w - 37. Let h be i(-12). Suppose 0 = -13*f + 16 + h. What are the prime factors of f?
3
Let f be 3 + (-12)/(-3) - -31. Let s(n) = -n**3 + 39*n**2 - 24*n + 18. What are the prime factors of s(f)?
2, 5, 11
Suppose -8355 - 555 = -27*l. Let i be (-2)/9 - (-92)/9. Suppose -5*f + x = -i*f + l, 2*f + x = 135. List the prime factors of f.
5, 13
Let o(n) = -285*n - 5 - 2 + 284*n. Let a be o(-12). List the prime factors of 6567/55 + (-2)/a.
7, 17
Let k be 2 + (-1 - -1) + (3 - -10). Suppose 0 = 2*o + 3*o - k. Suppose -o*y = 2*q - 522, -2*y + 0*y + 5*q + 329 = 0. List the prime factors of y.
2, 43
Let h = -15950 + 55669. What are the prime factors of h?
39719
Suppose 3*q = -15, -173 = 5*j - q - 2208. Let i = j + -318. List the prime factors of i.
2, 11
Suppose -r + 19032 = 5*r. Suppose 7*d = r - 239. Let s = d - 282. List the prime factors of s.
137
Suppose 2*l - 5*u + 8*u - 57 = 0, -u = 3*l - 103. Let j = l + -29. What are the prime factors of j?
7
Suppose -3*y - 5*d - 13 = 0, 4*y - 5*d = -6*d + 11. Suppose 1488 = 3*b + r, y*b + 6*r - 2*r - 1976 = 0. What are the prime factors of b?
7, 71
Suppose 0 = -422*h + 425*h. Let v be (-100*2)/((-4)/10). Suppose -v = -4*a - 2*l, 3*l + 139 = a - h*l. What are the prime factors of a?
127
Suppose -3*t - 2 = -2*g + 65, -5*g + 3*t + 145 = 0. Let q(v) = 73*v + 130. List the prime factors of q(g).
2, 3, 13
Let h(i) = -464*i**2 + 9*i - 5. Let v(g) = -927*g**2 + 19*g - 12. Let m(b) = -5*h(b) + 2*v(b). List the prime factors of m(1).
2, 5, 23
What are the prime factors of ((-74307)/(-153))/((-1)/(-63) - 0)?
3, 7, 31, 47
Let k(r) = r**3 + 58*r**2 - 61*r - 226. Let q be k(-59). Let x = -29 - -136. Let h = x - q. List the prime factors of h.
5, 43
Let x = 19667 + 722. List the prime factors of x.
20389
Suppose 0 = 4*n - 12, -61*h = -60*h - 5*n - 6092. List the prime factors of h.
31, 197
Let g = -4 + 6. Let r = 438 + -434. Suppose r*o = -o + 2*q + 229, -g = q. What are the prime factors of o?
3, 5
Let m(d) = 20*d**2 + 173*d + 46. What are the prime factors of m(-16)?
2, 11, 109
Suppose 124*m - 153582 = 98*m. What are the prime factors of m?
3, 11, 179
Let a(t) = t**3 + 43*t**2 + 91*t + 88. List the prime factors of a(-36).
2, 1471
Suppose -30*u = -90 - 0. Suppose 2*f + 1057 + 300 = p, -4*p + 5439 = u*f. What are the prime factors of p?
3, 151
Let g(q) = -6*q - 475. Let u be g(-38). Let v be (6/4)/(1/310). Let x = u + v. What are the prime factors of x?
2, 109
Suppose u = 3*g + 147, 0*g + 417 = 3*u - 3*g. Suppose 15*b = 18*b - u. Suppose -m + 12 = 2*m, r - b = -5*m. List the prime factors of r.
5
Suppose 89*n - 94*n - 15 = 0. What are the prime factors of (-1271)/n + (-4